{"id":2568,"date":"2024-01-16T13:33:06","date_gmt":"2024-01-16T13:33:06","guid":{"rendered":"https:\/\/dancu.co.uk\/?post_type=product&#038;p=2568"},"modified":"2024-02-09T14:46:12","modified_gmt":"2024-02-09T14:46:12","slug":"1-oz-niue-silver-thaler-czech-republic","status":"publish","type":"product","link":"https:\/\/dancu.co.uk\/index.php\/product\/1-oz-niue-silver-thaler-czech-republic\/","title":{"rendered":"1 oz Niue Silver Thaler Czech Republic"},"content":{"rendered":"","protected":false},"excerpt":{"rendered":"<p>Introducing a new silver coin from the Czech Mint. The reverse which is the work of designer Ladislav Vran\u00fd and medal maker MgA. Martin Da\u0161ek, presents three J\u00e1chymov thalers. On the obverse side you will find a trio of US dollars. This is the motif of the very first coins minted by the United States in 1794, which borrowed not only the name but also the weight and purity of the metal used from their Czech ancestor. Since the coins of the Czech Mint are issued with the licence of a foreign issuer, which is the island of Niue, their obverse side you will still find its necessary attributes &#8211; the national emblem, the nominal value of 2 DOLLARS (NZD) and the year of issue 2023.<\/p>\n<p><strong>Year<\/strong>: 2023<br \/>\n<strong>Mintage<\/strong>: 5000<br \/>\n<strong>Grade<\/strong>: Brilliant Uncirculated<br \/>\n<strong>Country<\/strong>: Niue<br \/>\n<strong>Denomination<\/strong>: $2 NZD<br \/>\n<strong>Manufacturer<\/strong>: Czech Mint<br \/>\n<strong>Metal Content<\/strong>: 1 troy oz<br \/>\n<strong>Purity<\/strong>: .999 Fine Silver<br \/>\n<strong>Diameter<\/strong>: 37 mm<\/p>\n","protected":false},"featured_media":2569,"comment_status":"closed","ping_status":"closed","template":"","meta":[],"product_brand":[],"product_cat":[26,20],"product_tag":[],"class_list":{"0":"post-2568","1":"product","2":"type-product","3":"status-publish","4":"has-post-thumbnail","6":"product_cat-999-silver","7":"product_cat-silver-coins","9":"first","10":"outofstock","11":"shipping-taxable","12":"purchasable","13":"product-type-simple"},"supplier_id":null,"supplier_sku":"","barcode":null,"atum_controlled":true,"out_stock_date":null,"out_stock_threshold":null,"inheritable":false,"inbound_stock":0,"stock_on_hold":0,"sold_today":0,"sales_last_days":0,"reserved_stock":0,"customer_returns":0,"warehouse_damage":0,"lost_in_post":0,"other_logs":0,"out_stock_days":0,"lost_sales":0,"has_location":false,"update_date":"2026-04-06T00:22:39","atum_locations":[],"atum_stock_status":"outofstock","restock_status":false,"low_stock_amount":"","sales_update_date":"2026-04-06T00:22:39","calc_backorders":null,"jetpack_sharing_enabled":true,"_links":{"self":[{"href":"https:\/\/dancu.co.uk\/index.php\/wp-json\/wp\/v2\/product\/2568","targetHints":{"allow":["GET"]}}],"collection":[{"href":"https:\/\/dancu.co.uk\/index.php\/wp-json\/wp\/v2\/product"}],"about":[{"href":"https:\/\/dancu.co.uk\/index.php\/wp-json\/wp\/v2\/types\/product"}],"replies":[{"embeddable":true,"href":"https:\/\/dancu.co.uk\/index.php\/wp-json\/wp\/v2\/comments?post=2568"}],"wp:featuredmedia":[{"embeddable":true,"href":"https:\/\/dancu.co.uk\/index.php\/wp-json\/wp\/v2\/media\/2569"}],"wp:attachment":[{"href":"https:\/\/dancu.co.uk\/index.php\/wp-json\/wp\/v2\/media?parent=2568"}],"wp:term":[{"taxonomy":"product_brand","embeddable":true,"href":"https:\/\/dancu.co.uk\/index.php\/wp-json\/wp\/v2\/product_brand?post=2568"},{"taxonomy":"product_cat","embeddable":true,"href":"https:\/\/dancu.co.uk\/index.php\/wp-json\/wp\/v2\/product_cat?post=2568"},{"taxonomy":"product_tag","embeddable":true,"href":"https:\/\/dancu.co.uk\/index.php\/wp-json\/wp\/v2\/product_tag?post=2568"}],"curies":[{"name":"wp","href":"https:\/\/api.w.org\/{rel}","templated":true}]}}